 = 3*h, 15 - 5 = 4*m + h. Suppose -m*c + o - 7 = 0, -6*o + o + 9 = 3*c. What are the prime factors of ((-22)/c)/((-1)/(-1))?
11
Let b = 76 - 30. What are the prime factors of b?
2, 23
Let o(k) = k - 1. Let f be o(3). What are the prime factors of 6 - 2 - (-1 - f)?
7
What are the prime factors of (-10)/45 + 2542/18?
3, 47
What are the prime factors of 9/(-12)*1184/(-24)?
37
Suppose 3*w - 5 - 1 = 0. Suppose -2*l = 7*g - w*g - 292, 2*g = -5*l + 121. List the prime factors of g.
2, 29
Let x(c) = -26*c - 4. List the prime factors of x(-2).
2, 3
Suppose 0 = 2*r - 5*k - 193, -4*k = 4*r - 272 - 156. List the prime factors of r.
2, 13
Suppose -4*h = -23 - 21. Let n = 13 + h. List the prime factors of n.
2, 3
Let d be 22/2 - (-2 + 1). Suppose -5*i = -13 - d. Let r = -2 + i. What are the prime factors of r?
3
Suppose 4*d - 7*d + 9 = 0. Let m = d - -6. List the prime factors of m.
3
Suppose 3*v + 3 = 0, 3*h - 17 = -2*v + v. List the prime factors of h.
2, 3
Let a = 0 + 8. Suppose b - 31 = -a. What are the prime factors of b?
23
Let b(z) be the first derivative of 2*z**2 + 1. Let k be b(2). Let u = 13 - k. List the prime factors of u.
5
Suppose 3*c = 4*x, -4*x - 4*c = -0*x - 28. Suppose 15 = 3*h - 0*h. Suppose -2*j = -v + 9, x*v = -v + h*j + 45. List the prime factors of v.
3, 5
Suppose 3*c + k = 19, 6*k + 60 = 5*c + 2*k. Suppose 0*n + c = 4*n. List the prime factors of n.
2
Let a = -3 - 0. Let g(x) = -x**2 - 3*x. Let l be g(a). Suppose 6*u - u - 50 = l. What are the prime factors of u?
2, 5
Let v(g) = g**2 + 2*g - 1. Let n be v(1). Suppose -n*s + 5*l + 15 = 0, 2*s - 4*s = 4*l - 24. Suppose 0*j - s = -j. What are the prime factors of j?
2, 5
Let i = -7 - -15. Let p(u) = 4*u - 8. List the prime factors of p(i).
2, 3
Let a(w) = w - 2. Let q be a(5). Let f be (q/6)/((-1)/(-32)). Suppose 0*x = -4*x + f. List the prime factors of x.
2
Let z(y) = y**3 + 4*y**2 + 3*y - 1. Let b be z(-3). List the prime factors of (b - -29)/2*1.
2, 7
List the prime factors of (-2)/3 + 580/15.
2, 19
Suppose 2*t - 3*t + 5 = 0. Let y be 0 - (-10 - 1) - -2. Let l = y - t. List the prime factors of l.
2
Suppose -2*p = -4*z - 104, -5*z = 12 - 2. What are the prime factors of p?
2, 3
Let o = 59 - -32. List the prime factors of o.
7, 13
Let x = -9 + 7. List the prime factors of (x/(-4))/(7/84).
2, 3
Suppose -r = -16 - 16. What are the prime factors of r?
2
Suppose -5*z + 3*p + 35 = 0, -2*p + 6*p - 28 = -4*z. List the prime factors of z.
7
Let c(k) = 10*k**2 + 1. List the prime factors of c(-2).
41
Suppose 3*i = 1 + 11. Suppose p + v = 5 + i, 38 = 4*p + 5*v. Let q = p + -4. What are the prime factors of q?
3
Let a = 38 - 18. List the prime factors of a.
2, 5
Let u = 7 - 5. What are the prime factors of (u/(-4))/(7/(-322))?
23
Suppose -2*p + 23 = -5. Suppose p = 5*w - 21. Let b = w + -5. What are the prime factors of b?
2
Let n be 3 + 0 + -2 - 7. Suppose y - 10 - 2 = s, -2*y = -s - 20. What are the prime factors of ((-4)/n)/(y/156)?
13
Suppose -2*q = 3*c - 210, -2 = 4*q - 14. Suppose -2*r + 56 = 4*b, c = -5*r - 3*b + 229. What are the prime factors of r?
2, 17
Let v(m) = 9*m - m - 9 + 2*m**2 - 3*m**2. Suppose 0 = -3*u + 12, -4*u + 3 = 2*t - 25. What are the prime factors of v(t)?
3
Let u(o) be the second derivative of 4*o**3/3 - o**2 + 3*o. Let a be u(-2). What are the prime factors of ((-4)/3)/(6/a)?
2
Suppose 4*d - 30 = 3*d. List the prime factors of d.
2, 3, 5
Let l be (-191)/(-4) + (-9)/12. Let f = l + -20. Suppose f = 5*x + 7. What are the prime factors of x?
2
Let j = -16 + 70. List the prime factors of j.
2, 3
What are the prime factors of 229 + 0 - (-13 - -13)?
229
Let o(l) = l**3 + 15*l**2 + 12*l - 15. Let p be o(-14). Suppose 72 = -11*m + p*m. List the prime factors of m.
2, 3
Suppose 4*w + 1268 = 8*w. What are the prime factors of w?
317
Let f(a) = a**2 - 5 + 5*a - 8*a - 3*a. Let w be f(7). Suppose 3*t - 2*s - 50 = -w*t, 4*t - 4*s = 40. What are the prime factors of t?
2, 5
Let s(d) = 3*d**2 - 21*d + 19. Let u(m) = -4*m**2 + 32*m - 28. Let f(j) = -7*s(j) - 5*u(j). What are the prime factors of f(-5)?
47
Let l(r) = r**3 - 4*r**2 + r. Let o = 3 - -1. List the prime factors of l(o).
2
List the prime factors of ((-174)/9)/(4/(-18)).
3, 29
Let m = 0 + 1. Let a = m - -4. Let x = 13 - a. List the prime factors of x.
2
Let a = -28 - -60. List the prime factors of a.
2
Suppose 2*k + 40 = 3*k. What are the prime factors of k?
2, 5
Suppose 2*c - 31 = -q + 5*c, -c + 27 = 2*q. List the prime factors of q.
2
Suppose -4*n + 2*n - 4 = 0, 6 = q - 3*n. Suppose 3*m = -2*y + 28, 4*m - 3*m = -3*y + 28. Let c = y - q. What are the prime factors of c?
2
Suppose -68 = -3*w + 253. What are the prime factors of w?
107
Let m(z) = z**2 + 5. Let k be m(4). Suppose 4*q + x = 52, -q + 5*x + k = -13. What are the prime factors of q?
2, 7
Suppose 2*y + 10 = 3*y - 2*k, 5*y + 2*k - 50 = 0. Let v = -4 + y. What are the prime factors of v?
2, 3
What are the prime factors of 86*((3 - -1) + -2)?
2, 43
Suppose -4*h + h = -15, 3*d - 5*h + 10 = 0. Suppose -6*r - 18 = -2*r + 5*z, d*r - 3*z = -4. What are the prime factors of 3 + r + (1 - -2)?
2
Let t(r) = -2*r**3 - 4*r**2 + 4. Let n be t(-2). Suppose n*l + 26 = 3*g, 2*g - 18 + 1 = 3*l. What are the prime factors of g?
2, 5
Let b = 324 - 134. What are the prime factors of b?
2, 5, 19
Let j = 27 + -4. What are the prime factors of j?
23
Let m(g) = g + 1. Let o be m(2). Suppose -o*z - z = -4. What are the prime factors of 3 - (0/z - -1)?
2
Suppose 71 = 2*u + 1. What are the prime factors of (56/u)/(2/15)?
2, 3
Suppose -6*f + 922 + 728 = 0. List the prime factors of f.
5, 11
Let x be 1 + 1 + 3/1. Suppose 2*t = -x*j + 9, -5 = -j - 4. What are the prime factors of (-9)/(-5)*10/t?
3
Suppose 40 = t + t. What are the prime factors of 42/5 - (-12)/t?
3
Suppose 0 = i - 4 - 2. Suppose 2*d = -2*a + i*a - 230, 91 = -d - 4*a. List the prime factors of 2/(-7) - d/7.
3, 5
Let h(k) = -k**3 - 13*k**2 - 12*k + 16. Let w be h(-12). Suppose n + 73 = 2*p, p - 23 = n + w. What are the prime factors of p?
2, 17
Suppose 2*u = 3*u - 60. List the prime factors of u.
2, 3, 5
Suppose 4*q - 3*q + 5*x - 43 = 0, -q + 47 = 4*x. List the prime factors of q.
3, 7
Let s be 16/(-40) - (-96)/(-10). Let k = s - -16. List the prime factors of k.
2, 3
Let w = -51 - -72. What are the prime factors of w?
3, 7
Suppose -3*d + 177 = -0*d. What are the prime factors of d?
59
Let k(b) = b**3 - 6*b**2 + 4*b + 7. Let r be k(5). Let u be r/2 + 2*-7. Let w = 22 + u. What are the prime factors of w?
3
Suppose 15 = 4*p - 1. Suppose p*n = 5*b - 25, -3*b + 3 = -n + 2. Let d = n + 15. List the prime factors of d.
5
Let k(o) = -17*o - 7. List the prime factors of k(-4).
61
Suppose -5*y + 5*i = 37 - 122, 0 = 2*y + 5*i - 62. Let w = 4 + y. Let a = w - 8. List the prime factors of a.
17
Let w(v) = -v**2 + 11*v + 14. Let r be w(12). Suppose -2 = -5*n + 3, -r*x = -n - 31. What are the prime factors of x?
2
Let b = 26 + -22. Suppose 0 = -2*w + 4*r + 4, b*w + 3*r = -w + 49. List the prime factors of w.
2
Let v = 19 + -15. What are the prime factors of v?
2
Let h(p) = -4 + 2 - 2*p**2 - 6*p + 3*p**2. Let v be h(5). Let u = v + 11. What are the prime factors of u?
2
Suppose -5*h = -5*l + 9 - 4, -3 = -l. Let b(r) = -r - 10. Let d be b(-16). Suppose -2*t + d = -h, -52 = -3*i - t. What are the prime factors of i?
2
Let m(d) = 3*d**3 + d**2 - 6*d + 6. Let u be m(5). Let b = 160 - u. What are the prime factors of 4/22 - b/22?
2, 5
Let k = 25 - 18. Let p = 7 + k. List the prime factors of 144/p + 4/(-14).
2, 5
Let h(b) = -b. Let g(c) = c**3 + 6*c**2 + 5. Let r be g(-6). Let q be h(r). What are the prime factors of (8/q)/(4/(-10))?
2
Suppose -2*q + 6*q - 16 = 0. Let g = -2 + 2. Suppose g = q*h - 4*y - 52, h + 4*y = y - 7. List the prime factors of h.
2
What are the prime factors of (-38)/(8/(-12)*1)?
3, 19
Let w(v) = -v**2 + 12*v - 11. What are the prime factors of w(9)?
2
Let m(x) = 49*x - 13. What are the prime factors of m(3)?
2, 67
Suppose 0*h + 132 = -4*h. Let p = -60 - h. Let g = -14 - p. List the prime factors of g.
13
Suppose -2*j + 12 = -4*c, -2*c - j = -6*j + 14. List the prime factors of c + 3 - -1 - -5.
7
Suppose 10*u - 79 = 5*u + 2*t, -4*u + 65 = -t. Suppose 0 = -3*c + u + 10. What are the prime factors of c?
3
Let n = 1 + 1. Le